{"id":19,"date":"2015-12-03T23:05:48","date_gmt":"2015-12-03T23:05:48","guid":{"rendered":"http:\/\/www.sohoinformatica.com.br\/?page_id=19"},"modified":"2015-12-03T23:25:00","modified_gmt":"2015-12-03T23:25:00","slug":"servicos","status":"publish","type":"page","link":"https:\/\/sohoinformatica.com.br\/index.php\/servicos\/","title":{"rendered":"Servi\u00e7os"},"content":{"rendered":"<p style=\"text-align: justify;\">Atuamos com solu\u00e7\u00e3o completa para implanta\u00e7\u00e3o de redes de computadores, envolvendo projeto\u00a0f\u00edsico, l\u00f3gico, dimensionamento de servidores, seguran\u00e7a, conting\u00eancia, instala\u00e7\u00e3o e configura\u00e7\u00e3o do\u00a0Sistema Operacional.<\/p>\n<p style=\"text-align: justify;\">O projeto f\u00edsico e l\u00f3gico \u00e9 desenvolvido baseado numa an\u00e1lise pormenorizada das instala\u00e7\u00f5es f\u00edsicas e\u00a0das necessidades tecnol\u00f3gicas de sua empresa, fornecendo todos os dados para um investimento\u00a0seguro (cabeamento, equipamentos, computadores, custo).<\/p>\n<p style=\"text-align: justify;\">Oferecemos nosso conhecimento para auxili\u00e1-lo na escolha de solu\u00e7\u00f5es de performance em ambientes\u00a0computacionais, e que se enquadrem principalmente na sua disponibilidade de custos e de requisi\u00e7\u00e3o\u00a0de servi\u00e7os.<\/p>\n","protected":false},"excerpt":{"rendered":"<p>Atuamos com solu\u00e7\u00e3o completa para implanta\u00e7\u00e3o de redes de computadores, envolvendo projeto\u00a0f\u00edsico, l\u00f3gico, dimensionamento de servidores, seguran\u00e7a, conting\u00eancia, instala\u00e7\u00e3o e configura\u00e7\u00e3o do\u00a0Sistema Operacional. O projeto f\u00edsico e l\u00f3gico \u00e9 desenvolvido <a class=\"more-link\" href=\"https:\/\/sohoinformatica.com.br\/index.php\/servicos\/\">Continuar a leitura &rarr;<\/a><\/p>\n","protected":false},"author":1,"featured_media":0,"parent":0,"menu_order":0,"comment_status":"closed","ping_status":"closed","template":"","meta":{"footnotes":""},"_links":{"self":[{"href":"https:\/\/sohoinformatica.com.br\/index.php\/wp-json\/wp\/v2\/pages\/19"}],"collection":[{"href":"https:\/\/sohoinformatica.com.br\/index.php\/wp-json\/wp\/v2\/pages"}],"about":[{"href":"https:\/\/sohoinformatica.com.br\/index.php\/wp-json\/wp\/v2\/types\/page"}],"author":[{"embeddable":true,"href":"https:\/\/sohoinformatica.com.br\/index.php\/wp-json\/wp\/v2\/users\/1"}],"replies":[{"embeddable":true,"href":"https:\/\/sohoinformatica.com.br\/index.php\/wp-json\/wp\/v2\/comments?post=19"}],"version-history":[{"count":1,"href":"https:\/\/sohoinformatica.com.br\/index.php\/wp-json\/wp\/v2\/pages\/19\/revisions"}],"predecessor-version":[{"id":20,"href":"https:\/\/sohoinformatica.com.br\/index.php\/wp-json\/wp\/v2\/pages\/19\/revisions\/20"}],"wp:attachment":[{"href":"https:\/\/sohoinformatica.com.br\/index.php\/wp-json\/wp\/v2\/media?parent=19"}],"curies":[{"name":"wp","href":"https:\/\/api.w.org\/{rel}","templated":true}]}}